se
Is 7639 a multiple of 50?
False
Does 16 divide 32960?
True
Does 8 divide 12400?
True
Does 57 divide 115?
False
Does 2 divide 827?
False
Is 1372 a multiple of 14?
True
Does 3 divide 387?
True
Does 2 divide 524?
True
Does 11 divide 13886?
False
Does 12 divide 597?
False
Does 7 divide 11691?
False
Is 7462 a multiple of 33?
False
Is 23 a factor of 161?
True
Is 119 a multiple of 17?
True
Is 1404 a multiple of 39?
True
Is 2 a factor of 243?
False
Does 86 divide 46713?
False
Does 10 divide 26159?
False
Is 1896 a multiple of 47?
False
Is 77 a factor of 1439?
False
Is 4 a factor of 403?
False
Is 2328 a multiple of 9?
False
Does 4 divide 960?
True
Does 32 divide 266?
False
Is 847 a multiple of 11?
True
Does 3 divide 1793?
False
Is 3990 a multiple of 38?
True
Is 3 a factor of 340?
False
Is 14 a factor of 414?
False
Is 1078 a multiple of 49?
True
Does 10 divide 9082?
False
Is 12 a factor of 2076?
True
Does 60 divide 17138?
False
Is 618 a multiple of 10?
False
Does 14 divide 39180?
False
Does 11 divide 2306?
False
Does 22 divide 23256?
False
Does 108 divide 26500?
False
Is 2649 a multiple of 18?
False
Is 31 a factor of 32767?
True
Does 5 divide 43?
False
Is 28697 a multiple of 18?
False
Is 16760 a multiple of 10?
True
Is 349 a multiple of 20?
False
Is 3630 a multiple of 10?
True
Is 37671 a multiple of 29?
True
Is 129 a factor of 8447?
False
Is 12 a factor of 960?
True
Is 12030 a multiple of 32?
False
Does 380 divide 26220?
True
Does 16 divide 3536?
True
Does 4 divide 22972?
True
Is 5760 a multiple of 160?
True
Is 23 a factor of 3072?
False
Does 18 divide 1235?
False
Does 215 divide 4073?
False
Is 18 a factor of 55130?
False
Is 984 a multiple of 22?
False
Is 40 a factor of 2000?
True
Is 25679 a multiple of 142?
False
Is 603 a multiple of 17?
False
Is 10 a factor of 130?
True
Is 54 a factor of 38286?
True
Does 30 divide 2880?
True
Does 64 divide 2719?
False
Is 5 a factor of 387?
False
Is 324 a multiple of 18?
True
Does 62 divide 26660?
True
Does 5 divide 1784?
False
Does 34 divide 884?
True
Is 975 a multiple of 10?
False
Is 42 a factor of 1638?
True
Is 86 a factor of 1470?
False
Is 6 a factor of 3232?
False
Does 27 divide 270?
True
Is 252 a multiple of 18?
True
Is 945 a multiple of 63?
True
Does 18 divide 28299?
False
Is 1060 a multiple of 25?
False
Is 53 a factor of 901?
True
Is 12065 a multiple of 73?
False
Is 7 a factor of 6090?
True
Is 2440 a multiple of 83?
False
Is 97 a factor of 14356?
True
Does 9 divide 37808?
False
Is 388 a multiple of 6?
False
Does 107 divide 1827?
False
Is 2 a factor of 50?
True
Does 20 divide 1160?
True
Is 93 a factor of 40269?
True
Is 85 a factor of 10285?
True
Is 5265 a multiple of 39?
True
Is 21 a factor of 12103?
False
Is 6 a factor of 228?
True
Does 239 divide 93927?
True
Does 42 divide 3564?
False
Is 2 a factor of 17824?
True
Is 13 a factor of 195?
True
Does 5 divide 170?
True
Is 13811 a multiple of 3?
False
Is 3 a factor of 2499?
True
Is 35 a factor of 100205?
True
Is 517 a multiple of 26?
False
Is 9234 a multiple of 31?
False
Does 9 divide 14114?
False
Is 15 a factor of 3819?
False
Does 4 divide 1077?
False
Is 1386 a multiple of 22?
True
Is 114 a factor of 46075?
False
Does 17 divide 34987?
False
Does 5 divide 251?
False
Is 65 a factor of 9569?
False
Is 984 a multiple of 82?
True
Does 24 divide 8904?
True
Does 195 divide 4658?
False
Is 840 a multiple of 14?
True
Is 333 a multiple of 14?
False
Is 18 a factor of 50796?
True
Does 9 divide 8955?
True
Does 15 divide 285?
True
Is 2912 a multiple of 28?
True
Is 3 a factor of 1497?
True
Does 6 divide 936?
True
Does 2 divide 112?
True
Does 11 divide 2530?
True
Is 809 a multiple of 94?
False
Does 6 divide 255?
False
Is 4655 a multiple of 49?
True
Is 31 a factor of 59605?
False
Is 18 a factor of 10908?
True
Is 14 a factor of 1456?
True
Is 642 a multiple of 6?
True
Does 22 divide 679?
False
Does 21 divide 2982?
True
Does 13 divide 3770?
True
Is 6 a factor of 39474?
True
Is 726 a multiple of 50?
False
Is 12004 a multiple of 5?
False
Is 420 a multiple of 12?
True
Is 85 a factor of 2662?
False
Is 998 a multiple of 15?
False
Does 14 divide 139?
False
Does 11 divide 3091?
True
Is 2040 a multiple of 51?
True
Is 171 a factor of 10260?
True
Does 7 divide 13069?
True
Does 15 divide 2115?
True
Does 21 divide 17934?
True
Is 1566 a multiple of 40?
False
Is 4 a factor of 236?
True
Does 65 divide 1248?
False
Is 16448 a multiple of 115?
False
Is 87 a factor of 69687?
True
Is 59 a factor of 236?
True
Is 5684 a multiple of 29?
True
Does 6 divide 1337?
False
Is 119 even?
False
Is 84 a multiple of 4?
True
Does 15 divide 2415?
True
Is 106 a factor of 12932?
True
Does 25 divide 545?
False
Does 23 divide 2576?
True
Is 24623 a multiple of 22?
False
Is 606 a multiple of 3?
True
Is 11 a factor of 921?
False
Is 2448 a multiple of 18?
True
Is 9 a factor of 1620?
True
Is 20 a factor of 10420?
True
Is 42 a factor of 588?
True
Is 40086 a multiple of 477?
False
Is 3091 a multiple of 11?
True
Is 19517 a multiple of 61?
False
Is 1632 a multiple of 12?
True
Is 45 a factor of 2655?
True
Is 21 a factor of 2772?
True
Does 73 divide 6089?
False
Is 111 a factor of 3150?
False
Does 21 divide 560?
False
Is 139 a factor of 2147?
False
Is 31625 a multiple of 5?
True
Is 29 a factor of 2653?
False
Does 212 divide 89676?
True
Is 15968 a multiple of 32?
True
Does 2 divide 329?
False
Is 127 a multiple of 4?
False
Is 348 a multiple of 12?
True
Is 61 a multiple of 38?
False
Is 1188 a multiple of 33?
True
Does 40 divide 123?
False
Is 112 a factor of 1904?
True
Is 22892 a multiple of 4?
True
Is 45 a factor of 29456?
False
Is 13 a factor of 67884?
False
Does 22 divide 4246?
True
Is 20629 a multiple of 11?
False
Does 8 divide 160?
True
Is 4307 a multiple of 59?
True
Does 5 divide 5340?
True
Does 81 divide 11016?
True
Does 7 divide 101291?
False
Is 17 a factor of 2533?
True
Is 19368 a multiple of 18?
True
Does 63 divide 976?
False
Does 21 divide 67057?
False
Does 6 divide 1816?
False
Is 17 a factor of 886?
False
Is 17 a factor of 59534?
True
Does 64 divide 4846?
False
Is 35 a factor of 3047?
False
Is 7 a factor of 1424?
False
Is 11 a factor of 2385?
False
Is 380 a multiple of 23?
False
Is 5 a factor of 5255?
True
Does 159 divide 96831?
True
Is 1632 a multiple of 12?
True
Does 18 divide 735?
False
Is 6 a factor of 38326?
False
Does 102 divide 3248?
False
Does 106 divide 15688?
True
Is 42867 a multiple of 6?
False
Is 13 a factor of 4576?
True
Is 25 a factor of 1778?
False
Is 14 a factor of 58814?
True
Is 24 a factor of 113?
False
Is 12 a factor of 30540?
True
Is 64 a factor of 8397?
False
Is 648 a multiple of 7?
False
Is 13 a factor of 897?
True
Is 11 a factor of 3762?
True
Does 173 divide 7266?
True
Is 35 a factor of 70?
True
Is 59 a factor of 1003?
True
Is 76 a factor of 684?
True
Is 917 a multiple of 5?
False
Is 6 a factor of 338?
False
Is 60 a multiple of 8?
False
Does 12 divide 2087?
False
Is 4977 a multiple of 9?
True
Is 21 a factor of 49313?
False
Is 18677 a multiple of 13?
False
Is 2340 a multiple of 20?
True
Is 8 a factor of 1011?
False
Is 8624 a multiple of 8?
True
Is 56 a factor of 220?
False
Does 2 divide 52?
True
Is 6890 a multiple of 65?
True
Is 28665 a multiple of 9?
True
Is 39 a factor of 6474?
True
Does 79 divide 10614?
False
Is 7579 a multiple of 43?
False
Does 16 divide 32?
True
Is 25 a factor of 2560?
False
Is 659 a multiple of 29?
False
Does 7 divide 16205?
True
Is 61 a factor of 57780?
False
Is 26 a factor of 291?
False
Does 14 divide 37?
False
Does 69 divide 186?
False
Is 6958 a multiple of 7?
True
Is 14 a factor of 14?
True
Is 76225 a multiple of 53?
False
Does 21 divide 9114?
True
Is 8929 a multiple of 25?
False
Is 11 a factor of 341?
True
Is 5085 a multiple of 19?
False
Does 30 divide 3480?
True
Is 3814 a multiple of 45?
False
Is 9114 a multiple of 6?
True
Is 22 a factor of 9350?
True
Is 7 a factor of 577?
False
Is 3001 a multiple of 4?
False
Does 9 divide 7289?
False
Is 4652 a multiple of 3?
False
Does 42 divide 252?
True
Does 205 divide 3690?
True
Does 63 divide 87381?
True
Is 3801 a multiple of 181?
True
Is 7 a factor of 504?
True
Is 21 a factor of 882?
True
Does 17 divide 68?
True
Is 23 a factor of 2045?
False
Is 1358 a multiple of 14?
True
Is 2217 even?
False
Is 100 a multiple of 25?
True
Is 14 a fact